e factors of (-2 - q/(-12))/(11/5632)?
2, 3
Suppose 486*v = 522*v - 247464. What are the prime factors of v?
2, 7, 491
List the prime factors of 61762 - (92/6 - (-250)/(-75)).
2, 5, 13, 19
Let m(a) = a**2 + 230*a + 3668. What are the prime factors of m(125)?
107, 449
Let a(y) = -y**3 - 23*y**2 + 205*y - 44. List the prime factors of a(-33).
7, 11, 53
Suppose -9 = -0*r - 3*r. Suppose 4*u + 1543 = r*o, -5*u + 10*u - 1561 = -3*o. List the prime factors of o.
11, 47
Suppose 2*y + 27 = 5*y. Suppose 10 - y = a. Let o = 23 - a. List the prime factors of o.
2, 11
Let y = 974 - -1102. Suppose 1374 = 2*i - 2*v, -5*v = 3*i - 3*v - y. What are the prime factors of i?
2, 3, 5, 23
Suppose 360 - 20 = 5*l. Suppose 5*c = l + 217. Let s = c + -7. What are the prime factors of s?
2, 5
Let p(t) = -t**3 - 21*t**2 + 9*t + 5. Let z be p(-22). Suppose z - 31 = -q. Let n = q - -402. List the prime factors of n.
2, 71
Let w(l) = -289*l - 5. Let f be w(-3). Suppose -4*t + 970 = -f. List the prime factors of t.
2, 229
Let b(v) = 2*v**2 - 6*v + 4. Let o be b(4). Let z(y) = 0*y**2 + y - 1 + o + y**2 + 2*y. List the prime factors of z(-8).
3, 17
Let s be 2 + 18/(-10) + 266/70. Suppose o = -q + 3, 3*q - 4*q - 4*o = -6. Suppose -5*r = -5, 4*h + q*r + s - 702 = 0. What are the prime factors of h?
2, 3, 29
Let s(u) be the first derivative of 89*u**2/2 - 3*u + 1. Let n be s(-2). Let l = -106 - n. What are the prime factors of l?
3, 5
Let m(f) = 1167*f - 95. List the prime factors of m(6).
6907
Let a(d) be the third derivative of d**5/60 + 7*d**4/12 + 37*d**3/6 + 110*d**2. What are the prime factors of a(-19)?
2, 3, 11
Suppose -2*k = 26 - 30. Suppose -4 = 8*z - 20. Suppose -26 = -4*j - k*v + 124, z*v = 3*j - 95. What are the prime factors of j?
5, 7
List the prime factors of ((-10)/(-2) - 396/88)*(-7754)/(-1).
3877
Let o = 2460 - 2452. Let p = 4829 + -3182. Suppose o*h - p = -h. What are the prime factors of h?
3, 61
Suppose -6*u + 24 = -3*u. Suppose -8 = -4*p - 3*g, 3*p + 2*g = u - 1. Suppose 5 = -p*o, -3*v + o + 215 = -o. What are the prime factors of v?
71
Let d(v) = -4*v**2 + 103*v - 16. Let k = -183 - -199. List the prime factors of d(k).
2, 19
Suppose z = 22*z. Suppose -5*f = -z*f - 5, -5*f = -3*k + 2434. List the prime factors of k.
3, 271
Let w = 86434 + -44368. What are the prime factors of w?
2, 3, 19, 41
What are the prime factors of (-49398)/((3/(-18))/(3*5/135))?
2, 8233
Suppose -4*c + a - 8 = -3*a, 0 = 5*c + 5*a - 40. What are the prime factors of c - 3/((-24)/(-446))*-4?
2, 113
Let w = 48 - 28. Let z = -15 + w. Suppose j + z = 0, -2*j + 145 = 5*n - 6*j. What are the prime factors of n?
5
Let b = -10 + 20. Suppose 0 = b*r - 4*r + 528. Let j = r + 166. List the prime factors of j.
2, 3, 13
Let d(n) = -n**3 - 10*n**2 - 6*n + 15. Let r(z) = 8*z + 13. Let o(w) = -w**2 + 5*w - 7. Let a be o(4). Let f be r(a). What are the prime factors of d(f)?
2, 101
Let o(j) = 14*j - 6. Let k be o(7). Let u(p) = -9*p - 79. Let n be u(-9). List the prime factors of (n/(-2))/((-1)/k).
2, 23
Let x(w) be the third derivative of -w**6/30 + w**5/12 - w**4/12 - w**3/3 + 14*w**2. Let r be x(2). List the prime factors of (-4)/r + 1857/27.
3, 23
Suppose -3*r = -p - 52827, 3*p + 27343 + 7889 = 2*r. What are the prime factors of r?
3, 5869
Suppose 31*a = 36*a - 20. Suppose 5*k - a*d - 1860 = 0, -2*d - d = -2*k + 737. What are the prime factors of k?
2, 47
Let l = 28 - 34. What are the prime factors of (-1 - (0 + 5))*20/l?
2, 5
Suppose -3*a - 19195 = -4*i, -34*i + 36*i + 4*a = 9592. List the prime factors of i.
2, 2399
Let w(n) = 886*n**2 - 9*n + 10. Suppose 18*d - 3*m = 14*d - 8, 2*d + m - 6 = 0. List the prime factors of w(d).
887
Let y be (-9)/(-2)*(-20)/(-45). Let h(f) = 3*f - 11. Let w be h(4). List the prime factors of (4/y + 22)/w.
2, 3
Let h = 4705 - 3220. What are the prime factors of h?
3, 5, 11
Suppose 118306 = 38*y - 53454. List the prime factors of y.
2, 5, 113
Let a be (-890)/(-30) - (-4)/(-6). Let v = a + -55. List the prime factors of 13/(v/(-192)) + 1*3.
3, 11
Let h = -1099 + 1951. Suppose 1358 + h = 5*g. List the prime factors of g.
2, 13, 17
Let o(i) = 2*i + 62. Let b be o(-26). Suppose 0*x = -2*f + 5*x + 353, 2*x - b = 0. What are the prime factors of f?
3, 7
What are the prime factors of ((-143)/22)/(35/(-99400))?
2, 5, 13, 71
Let z = 54 + -108. Let y = -30 - z. Suppose 4*d - y = 3*d. List the prime factors of d.
2, 3
Let y be 2875/325 + (-2)/(-13). Suppose -y*v + 20304 = 15*v. List the prime factors of v.
2, 3, 47
Let g be (-3)/2 + (-168)/(-48). Suppose g*p - 257 = p. What are the prime factors of p?
257
Let o = -9550 + 9557. Suppose -3*r = -5447 - 4057. Suppose -9*d + r = o*d. What are the prime factors of d?
2, 3, 11
Suppose 3*k = -4*y + 39, 0*k - 2*y = 5*k - 51. Let z be (k/2)/((-18)/24). List the prime factors of 11/(22/356) + z/3.
2, 11
Suppose 12*t + 232 = 64. List the prime factors of ((-8659)/t)/((-8)/(-16)).
1237
Let d(y) = y**3 + 9*y**2 - 10*y + 7. Let v be d(-10). Suppose 16*n - v*n = 1755. List the prime factors of n.
3, 5, 13
Let g(y) = -y**3 + 4*y**2 + 100*y + 1836. What are the prime factors of g(-22)?
2, 5, 13, 47
Let p be (20/25)/2 - (-10479)/15. Let b = p + -365. What are the prime factors of b?
2, 167
Let p(a) = 20*a**2 + 40*a - 56. Let g be (8/7)/((-42)/(-294)). List the prime factors of p(g).
2, 193
List the prime factors of 18685/10*3 + 140/(-40).
2, 2801
Let b = -70 - -70. Suppose -2*v + 14 = 3*o, b*o + 3*v = -2*o + 16. Suppose -5*g - 186 = -k, 2*g - 3*g - 417 = -o*k. What are the prime factors of k?
211
Suppose 0 = 132*c - 365503 - 359080 - 196117. List the prime factors of c.
3, 5, 31
Let o(j) = j**2 - 38*j + 6. Let c be o(18). Let y = c + 470. What are the prime factors of y?
2, 29
Let p = 31 - 26. Suppose t - 4 = -3, p*c = 4*t + 6. Suppose -2 = -c*l + 186. List the prime factors of l.
2, 47
Suppose -50*m = -4581 - 25219. Let k = 825 - m. List the prime factors of k.
229
Suppose -17*x + 11318 = 2*g - 19*x, 0 = -2*g + 4*x + 11322. List the prime factors of g.
5657
Let x be (-17)/51*(-13 - 4/2). Suppose -5*q = -5*c - x, 5*q + 5*c + 14 = -11. What are the prime factors of ((-1616)/8)/(1 + q)?
2, 101
Suppose 3*x + 5*s - 77 = 0, -2*x + s + 13 = -34. Let c(n) = -n**2 - x*n - 17 - 17 + 0*n. List the prime factors of c(-19).
61
Suppose 5*h - 2 = 3*h + 4*r, 0 = -2*h + 2*r + 12. Suppose 7*n - h*n + 24 = 0. Suppose -556 = n*z - 10*z. List the prime factors of z.
139
Suppose 88455 = d + 3*s, 353883 = -23*d + 27*d + 5*s. List the prime factors of d.
2, 3, 14747
Suppose -5*q + 3*b + 336171 = 0, 34488 = q - 3*b - 32763. List the prime factors of q.
2, 3, 5, 83
Let r(h) = h**3 - h + 3. Let x be r(0). What are the prime factors of 2546*(42/12 - x)?
19, 67
Let p = -31 + 25. Let i be ((-2 - -5) + 22/p)*-72. Let f = 102 - i. What are the prime factors of f?
2, 3
Suppose 15*f + 69896 = 58*f - 61899. What are the prime factors of f?
5, 613
Let t = 29041 - 647. What are the prime factors of t?
2, 14197
Let w = 2146 - -2072. What are the prime factors of w?
2, 3, 19, 37
Let c = -471 - -2241. What are the prime factors of c?
2, 3, 5, 59
Let d(o) = 2777*o**3 + 16*o**2 + 35*o + 4. List the prime factors of d(3).
2, 2351
Let n = 54279 + -20407. List the prime factors of n.
2, 29, 73
Suppose -k + 2 = -1. Let x be k/6*(-246)/3. Let z = 44 + x. What are the prime factors of z?
3
Let d(x) = x**2 + 7. Let h(s) = -s**2 - s - 6. Let a(j) = 3*d(j) + 4*h(j). Let f be a(-2). Let g(y) = 82*y - 5. List the prime factors of g(f).
7, 11
Let j = 78 + -81. Let a(k) = -334*k + 3. List the prime factors of a(j).
3, 5, 67
Suppose 662 - 1807 = -c. Suppose 2*k - 3*r = 458, 6*k + 2*r - c = k. Let t = 350 - k. What are the prime factors of t?
11
Let c = 585 + -585. Suppose 0 = 2*l - 5*s - 1790, c = -l + s + 419 + 482. What are the prime factors of l?
5, 181
Suppose -4*y + 2*q + 39 = -q, 0 = -2*y - 2*q + 16. Let t(l) = -51 - l**2 - 32 + 140 - 58 + 12*l. What are the prime factors of t(y)?
2, 13
Let w(o) = -1570*o - 3511. What are the prime factors of w(-5)?
4339
Suppose -18*b - 5*r = -14*b + 334, 4*r = 2*b + 154. Let u = -17 + 11. What are the prime factors of (u + -3)/(3/b)?
3
Let c(i) = -i**2 - 8*i + 18. Suppose 0*g - 5*g - 25 = 0, 0 = 2*m + 5*g + 43. Let s be c(m). Suppose -4*k - 80 = -s*k. Wha